14
-6
Convert -a (base 16) to base 6.
-14
What is -13 (base 16) in base 9?
-21
What is -9 (base 11) in base 4?
-21
-8 (base 12) to base 10
-8
Convert -8 (base 11) to base 16.
-8
4 (base 9) to base 12
4
120 (base 3) to base 2
1111
Convert 11 (base 6) to base 2.
111
-33 (base 6) to base 7
-30
Convert -342 (base 5) to base 12.
-81
Convert -70 (base 11) to base 13.
-5c
Convert 183 (base 10) to base 3.
20210
What is -6 (base 12) in base 6?
-10
Convert -10001 (base 2) to base 5.
-32
Convert 141 (base 14) to base 4.
3331
1 (base 16) to base 2
1
What is 1 (base 8) in base 3?
1
What is 12 (base 16) in base 5?
33
1 (base 14) to base 13
1
What is 4 (base 7) in base 16?
4
What is 2222 (base 3) in base 12?
68
What is -26 (base 7) in base 5?
-40
Convert -239 (base 10) to base 11.
-1a8
What is -35 (base 12) in base 9?
-45
Convert -21 (base 3) to base 12.
-7
What is -346 (base 7) in base 16?
-b5
Convert 36 (base 15) to base 12.
43
What is 10011 (base 2) in base 15?
14
What is -21 (base 8) in base 12?
-15
Convert -11 (base 6) to base 5.
-12
What is 5 (base 13) in base 11?
5
What is 0 (base 4) in base 6?
0
Convert 4 (base 8) to base 16.
4
Convert -10 (base 3) to base 2.
-11
151 (base 10) to base 11
128
-1101001 (base 2) to base 7
-210
What is 1 (base 6) in base 14?
1
Convert 22 (base 8) to base 14.
14
Convert -10111 (base 2) to base 15.
-18
-10 (base 2) to base 4
-2
261 (base 7) to base 12
b9
Convert 71 (base 12) to base 10.
85
Convert 322 (base 4) to base 12.
4a
-10010 (base 2) to base 5
-33
What is -541 (base 6) in base 11?
-177
What is -59 (base 15) in base 12?
-70
16 (base 9) to base 2
1111
Convert 12 (base 5) to base 9.
7
0 (base 4) to base 8
0
What is 1100000 (base 2) in base 15?
66
What is -11 (base 2) in base 16?
-3
What is -14 (base 14) in base 12?
-16
Convert -2 (base 16) to base 8.
-2
What is -5 (base 13) in base 11?
-5
-60 (base 14) to base 12
-70
What is 40 (base 14) in base 7?
110
Convert -16 (base 7) to base 13.
-10
Convert -11302 (base 4) to base 2.
-101110010
What is 0 (base 10) in base 4?
0
-5 (base 7) to base 4
-11
What is 4a (base 15) in base 10?
70
What is a (base 11) in base 10?
10
-10 (base 3) to base 12
-3
What is 10101 (base 3) in base 16?
5b
What is 59 (base 10) in base 8?
73
-6 (base 12) to base 7
-6
What is 3 (base 8) in base 3?
10
Convert -1 (base 6) to base 9.
-1
What is 9 (base 15) in base 6?
13
3 (base 11) to base 12
3
3 (base 11) to base 8
3
What is 15 (base 10) in base 14?
11
What is 38 (base 16) in base 12?
48
What is -4 (base 7) in base 10?
-4
Convert -1000 (base 2) to base 6.
-12
What is -5 (base 16) in base 13?
-5
7 (base 16) to base 4
13
What is -92 (base 16) in base 9?
-172
Convert -10 (base 7) to base 3.
-21
What is 6 (base 12) in base 6?
10
100100 (base 2) to base 16
24
Convert -4 (base 11) to base 5.
-4
1a7 (base 15) to base 2
101111110
What is -10 (base 10) in base 6?
-14
11101110 (base 2) to base 11
1a7
325 (base 8) to base 3
21220
1 (base 5) to base 9
1
Convert -2 (base 14) to base 11.
-2
Convert -1 (base 6) to base 15.
-1
26 (base 13) to base 16
20
Convert 11022 (base 3) to base 2.
1110100
What is -10 (base 8) in base 11?
-8
Convert -411 (base 5) to base 7.
-211
90 (base 13) to base 8
165
Convert 14 (base 7) to base 8.
13
Convert -2 (base 6) to base 7.
-2
Convert -9 (base 10) to base 16.
-9
What is -14 (base 6) in base 15?
-a
What is 10b (base 13) in base 4?
2310
What is -100100 (base 2) in base 10?
-36
What is -1 (base 5) in base 9?
-1
What is b (base 12) in base 14?
b
Convert -2 (base 6) to base 15.
-2
Convert 2c (base 16) to base 7.
62
Convert 2e (base 15) to base 12.
38
What is 3 (base 10) in base 7?
3
Convert 420 (base 5) to base 14.
7c
-15 (base 15) to base 7
-26
1 (base 13) to base 14
1
Convert 151 (base 10) to base 12.
107
Convert 16 (base 8) to base 2.
1110
Convert -23 (base 13) to base 16.
-1d
What is 1 (base 3) in base 6?
1
What is 2 (base 11) in base 16?
2
3 (base 16) to base 8
3
-7 (base 16) to base 10
-7
Convert 2 (base 13) to base 6.
2
-3c (base 13) to base 12
-43
Convert -a (base 14) to base 10.
-10
What is 0 (base 7) in base 13?
0
-5 (base 10) to base 9
-5
112 (base 8) to base 11
68
-52 (base 9) to base 8
-57
What is -11 (base 14) in base 10?
-15
6 (base 12) to base 9
6
Convert 310 (base 8) to base 7.
404
1 (base 8) to base 6
1
Convert -163 (base 11) to base 8.
-276
Convert 1033 (base 4) to base 2.
1001111
Convert -11 (base 2) to base 4.
-3
Convert 4 (base 12) to base 3.
11
Convert -11 (base 11) to base 14.
-c
50 (base 12) to base 6
140
-1 (base 16) to base 5
-1
Convert -80 (base 14) to base 13.
-88
Convert 1b (base 14) to base 15.
1a
Convert -1 (base 16) to base 3.
-1
Convert 3 (base 4) to base 13.
3
-2 (base 8) to base 16
-2
Convert -3 (base 11) to base 15.
-3
Convert -5a (base 12) to base 3.
-2121
Convert -12 (base 16) to base 8.
-22
-12 (base 10) to base 5
-22
Convert -4 (base 7) to base 11.
-4
Convert -c (base 13) to base 2.
-1100
-16 (base 10) to base 2
-10000
-30 (base 9) to base 3
-1000
-33 (base 7) to base 10
-24
What is -21 (base 10) in base 5?
-41
Convert -99 (base 12) to base 2.
-1110101
e (base 15) to base 8
16
10010 (base 2) to base 7
24
-232 (base 11) to base 7
-544
2 (base 3) to base 2
10
What is -3 (base 5) in base 3?
-10
Convert -b (base 14) to base 11.
-10
What is -11022 (base 3) in base 11?
-a6
Convert 9 (base 16) to base 4.
21
Convert 1 (base 9) to base 12.
1
What is 19 (base 11) in base 14?
16
Convert -3 (base 12) to base 4.
-3
What is 147 (base 11) in base 4?
2230
What is -1 (base 7) in base 8?
-1
Convert 59 (base 11) to base 7.
121
-11 (base 4) to base 13
-5
What is 9 (base 10) in base 13?
9
Convert -31 (base 7) to base 5.
-42
Convert 1c (base 13) to base 2.
11001
-1 (base 10) to base 4
-1
Convert -11 (base 12) to base 5.
-23
Convert 0 (base 14) to base 2.
0
What is -2 (base 6) in base 10?
-2
1 (base 11) to base 15
1
-4 (base 10) to base 7
-4
Convert 71 (base 10) to base 3.
2122
-1 (base 9) to base 2
-1
What is 101 (base 2) in base 8?
5
Convert 220 (base 3) to base 14.
1a
Convert 1 (base 4) to base 6.
1
Convert -113 (base 8) to base 7.
-135
Convert 2e (base 15) to base 3.
1122
21 (base 3) to base 6
11
22 (base 7) to base 8
20
-4 (base 8) to base 11
-4
-5 (base 11) to base 12
-5
Convert -43 (base 5) to base 4.
-113
-19 (base 14) to base 8
-27
What is 15 (base 6) in base 8?
13
What is -21 (base 6) in base 13?
-10
Convert -2 (base 10) to base 2.
-10
134 (base 9) to base 4
1300
What is -5 (base 15) in base 10?
-5
What is 1 (base 2) in base 8?
1
3 (base 10) to base 8
3
What is -11 (base 4) in base 3?
-12
Convert -7 (base 13) to base 3.
-21
What is -2 (base 12) in base 2?
-10
14 (base 15) to base 2
10011
111 (base 2) to base 11
7
3 (base 5) to base 14
3
Convert 100120 (base 3) to base 12.
196
What is 67 (base 8) in base 16?
37
-3 (base 16) to base 10
-3
What is -45 (base 10) in base 8?
-55
What is -6 (base 16) in base 15?
-6
What is -13 (base 14) in base 16?
-11
2121 (base 3) to base 7
130
What is -3 (base 13) in base 11?
-3
Convert -3d (base 15) to base 14.
-42
What is 10 (base 10) in base 13?
a
114 (base 9) to base 16
5e
2 (base 16) to base 9
2
What is 4 (base 16) in base 4?
10
Convert 105 (base 6) to base 12.
35
12 (base 8) to base 4
22
What is -5 (base 6) in base 3?
-12
-54 (base 15) to base 9
-87
What is 1d (base 16) in base 11?
27
Convert 33 (base 4) to base 7.
21
Convert 8 (base 15) to base 2.
1000
What is 3 (base 8) in base 4?
3
-70 (base 16) to base 4
-1300
Convert -10 (base 3) to base 5.
-3
Convert 0 (base 5) to base 8.
0
Convert 19 (base 14) to base 11.
21
-15 (base 11) to base 3
-121
Convert 15 (base 15) to base 8.
24
What is 167 (base 9) in base 2?
10001110
Convert 1 (base 6) to base 9.
1
What is 6 (base 15) in base 13?
6
Convert -111 (base 3) to base 13.
-10
Convert -3 (base 5) to base 13.
-3
1a (base 14) to base 12
20
Convert 10 (base 7) to base 14.
7
114 (base 6) to base 8
56
What is 29 (base 14) in base 11?
34
Convert 633 (base 7) to base 5.
2233
What is -3 (base 4) in base 6?
-3
55 (base 7) to base 10
40
Convert 12 (base 12) to base 16.
e
Convert 1 (base 6) to base 14.
1
-100 (base 2) to base 14
-4
-1 (base 10) to base 14
-1
Convert -8a (base 14) to base 4.
-1322
1 (base 3) to base 2
1
c7 (base 13) to base 8
243
What is 3b (base 13) in base 16?
32
Convert -1